.
16
Let j(b) = 19*b - 6. Let p = -11 - -17. Let t(r) = r**3 - 6*r**2 + 3*r - 9. Let c be t(p). Let w be j(c). What is the highest common factor of w and 15?
15
Let w be 129/15 - (-4)/10. What is the greatest common divisor of w and 9?
9
Let m(g) = 14*g + 12*g - 10*g - 4 + 2. Let k = -7 + 14. Let d be m(k). Calculate the greatest common factor of d and 10.
10
Let c(u) = -5*u + 2. Suppose -3*g - 6 = -0. Let k be c(g). Let t = 20 + 10. Calculate the highest common factor of k and t.
6
Let a = 60 + -12. Calculate the greatest common divisor of 120 and a.
24
Suppose 0 = c + 3*k - 59, c + 4*c = -4*k + 262. Suppose 0 = -3*q - 77 - 1. Let t = q - -46. Calculate the highest common divisor of t and c.
10
Suppose -k + 6*k - 55 = 0. What is the highest common factor of 121 and k?
11
Suppose -5*n + 7 = -13. Suppose n*s - 44 = 124. Let u be 8 + 4 + -9 + 2 + 1. Calculate the highest common divisor of u and s.
6
Let o be (-70)/15 + (-4)/(-6). Let i(s) = s**2 + s + 2. Let t be i(o). Let l = -5 + t. What is the greatest common divisor of l and 36?
9
Let n = -18 - -57. Let w = -23 + n. What is the highest common factor of 48 and w?
16
Let z = -14 - -122. Calculate the highest common divisor of z and 12.
12
Suppose 5*n - 3 - 22 = 5*p, -2*p - 2 = 0. Let r(y) = 0*y**2 - n - y**3 + 9*y + 0 - 2 + 6*y**2. Let f be r(6). Calculate the greatest common factor of 6 and f.
6
Let k(t) = 19*t**2 + 3*t + 2. Let a be k(-1). Calculate the greatest common factor of 12 and a.
6
Let t(h) = 55*h + 10. Let r be t(2). Let m(p) = -p**2 - 5*p - 6. Let a be m(-4). Let y be (-18 + 3)*2/a. What is the highest common divisor of r and y?
15
Suppose -4*z - 2 = -l - 141, z + 5*l - 61 = 0. Calculate the greatest common divisor of 4 and z.
4
Let v = 1 - 0. Suppose -2*w - v = 3. Let h = w - -8. Calculate the greatest common divisor of 42 and h.
6
Let c(w) = 4*w - 5. Let a be c(5). What is the highest common divisor of a and 3?
3
Let z = 3 - 0. Suppose -5*k - 3*f = -0*k - 80, 62 = z*k - f. Let r = 5 + k. Calculate the highest common divisor of r and 8.
8
Let r(q) = -q**2 - 9*q + 3. Suppose -4 = u + 3*u - 4*t, 4*t = 3*u - 2. Let c be r(u). What is the greatest common factor of 105 and c?
21
Let o(b) = 7*b - 7. Let p be o(5). Suppose 5*c - 28 = -8. What is the greatest common divisor of p and c?
4
Let f(r) = r**3 - 6*r**2 + 8*r - 10. Let j be f(5). What is the greatest common divisor of 15 and j?
5
Let l(w) = -2*w**2 + 4*w + 6. Let f(r) = r**2 - 1. Let q(s) = 3*f(s) + l(s). Let a be q(-6). Calculate the greatest common divisor of 5 and a.
5
Suppose -j = 4*j - 90. Suppose -96 = -3*f + 3*q, -3*f + 52 = -2*f + 4*q. What is the greatest common divisor of f and j?
18
Let v(z) = z**2 - 2*z - 6. Let c be v(-3). Calculate the greatest common factor of c and 117.
9
Suppose 0 = 4*c, -3*x + 5*c + 63 = 4*c. Let z be 27*x*(-4)/(-12). What is the highest common divisor of z and 21?
21
Suppose -2*c - c = 0. Suppose -2*u - 5*k = -c*u - 25, -2*u + 3*k = -17. Let x be (-2)/(1*(-1)/20). What is the greatest common divisor of u and x?
10
Suppose 7 = -0*s - 5*s + 2*o, 0 = s - o + 2. Let r be (0 - 5)*1*1. Let p be s/r + (-44)/(-5). What is the highest common divisor of p and 3?
3
Suppose l + 3*v - 15 = -2*l, 5*v + 29 = 4*l. Calculate the highest common divisor of 8 and l.
2
Let n(o) = -o**3 + 5*o**2 - o + 4. Let h be n(4). Let r be (-3 + 2)*-1*h. Let t be 531/((-3)/(-1)) - 1. What is the greatest common factor of r and t?
16
Suppose -25 - 14 = -3*g. Calculate the greatest common factor of 13 and g.
13
Suppose 2*f = 4*f - 18. Let x be 4/(-2)*f/(-6). Let u = 25 - 10. What is the highest common factor of x and u?
3
Let v(d) = d**2 - 3*d. Let l be v(3). Suppose 0 = -4*n + 23 - 7. Suppose -n = -l*k - k. What is the highest common divisor of k and 44?
4
Let q(i) = -i + 78. Let t be q(26). What is the highest common divisor of 12 and t?
4
Suppose 255 = -4*a + a. Let n be (5 + -6)/(1/31). Let s = n - a. Calculate the greatest common factor of 9 and s.
9
Let o be -4 + -24*4/(-6). Calculate the highest common factor of o and 4.
4
Let a(d) = -d**2 + 16*d - 4. Let w be a(12). Calculate the greatest common factor of 11 and w.
11
Suppose -2*i = -3*i + 5*x + 32, -4*i + 52 = -x. Let j be (6 - 4)/(1/6). Calculate the highest common factor of j and i.
12
Let i be 4/(-10) + (-27)/(-5). Calculate the greatest common factor of i and 35.
5
Suppose -4*b = -b - 63. Calculate the greatest common divisor of b and 3.
3
Let d = -14 + 2. Let r be (-976)/d - (-1)/(-3). Suppose 2*j = 3*j - r. Calculate the highest common divisor of j and 9.
9
Let x be -1 - 3/(6/(-4)). Let w = 21 - 18. Suppose w*a - 9 = 3. Calculate the greatest common factor of a and x.
1
Let w(x) = 3*x - 15. Let b be w(8). What is the highest common divisor of b and 90?
9
Let b(y) = 4*y**2 - 31*y - 1. Let z be b(8). Let j(v) = 28*v. Let s be j(1). Calculate the greatest common divisor of s and z.
7
Let f be ((-5)/(30/(-4)))/(6/27). Let g(a) = -2*a**3 - 3*a**2 - 3*a - 1. Let z be g(-2). Calculate the greatest common factor of z and f.
3
Suppose 0 = 20*u - 12*u - 112. Calculate the highest common divisor of u and 238.
14
Suppose 0 = 30*f - 26*f + 476. Let v = 126 + -195. Let o = v - f. What is the highest common factor of 10 and o?
10
Suppose 0 = p + 2*h - 10, 3*p = -2*p + h + 6. Suppose 0 = p*o + 5*y - 7, -5*y + 3*y - 28 = -2*o. Calculate the highest common divisor of o and 99.
11
Let g = 34 + 29. What is the greatest common factor of g and 9?
9
Suppose 2 = i + 3. Let f = 10 - i. What is the highest common divisor of 1 and f?
1
Suppose 5*k - 140 = 3*k. What is the greatest common divisor of k and 28?
14
Let m = -5 - -8. Suppose -m*r = 2*r - 585. Let s be (-31 + 5)*1/(-2). Calculate the greatest common factor of s and r.
13
Suppose -6 = -w + 4*p + 9, -5*p = 5*w. Calculate the highest common factor of w and 1.
1
Let n be (-2 - 2)*(-3)/4. Suppose -5*h = -n*h - 14. What is the highest common divisor of 14 and h?
7
Let j(q) = -51*q - 6. Let b be j(-2). Calculate the greatest common factor of b and 16.
16
Let u(d) = -d**3 - 4*d**2 + d - 6. Let n be u(-5). Let m(w) = 20*w**3 + w**2 - 3*w + 3. Let s be m(1). Calculate the highest common divisor of n and s.
7
Let t be ((-14)/(-3))/(18/27). Calculate the highest common divisor of t and 28.
7
Suppose -3*z - 4*p + 115 = -293, 2*z - 2*p - 258 = 0. Calculate the greatest common divisor of z and 12.
12
Suppose 6 = -3*n, 4*w + n = -n - 68. Let c = 2 - -20. Let g = w + c. What is the greatest common divisor of g and 2?
2
Let w = 91 - -89. What is the highest common factor of w and 30?
30
Let i(o) = 15*o**2. Let u be i(-4). What is the highest common factor of 16 and u?
16
Let k(o) = 3*o - 3. Let m be k(3). Suppose b - m = -b. Calculate the greatest common divisor of 24 and b.
3
Suppose 2 = -5*w - 8. Let o = 0 - w. Let z = 46 - o. Calculate the highest common factor of 11 and z.
11
Let t be (-3)/9 - (-80)/(-12). Let f(l) = l**3 + 6*l**2 - 7*l + 10. Let c be f(t). Calculate the greatest common factor of c and 4.
2
Suppose b + 5*x + 6 = 0, -5*b - 3*x + 16 - 2 = 0. Let o be (-6)/4*2/(-3). Calculate the greatest common factor of o and b.
1
Let c(y) be the second derivative of y**4/12 + y**3/3 + 3*y**2/2 - 2*y. Let j be c(-7). What is the highest common factor of j and 57?
19
Let f be (2/(-6))/(2/(-12)). Suppose 0 = f*t - 4, -b + 3*b = -t + 222. Let o = 23 + -13. Calculate the highest common divisor of o and b.
10
Let d = -27 + 15. Suppose -3 = s - 23. Let y = s + d. What is the highest common factor of y and 40?
8
Suppose -w = 3*b - 0*w - 10, -2*b - w = -8. Suppose 2*h + 6 = 0, d + 4*h + 22 = b*d. Calculate the highest common divisor of d and 90.
10
Suppose 2*s + 0*t - 160 = -2*t, -2*s = t - 157. Let q = 122 - s. What is the highest common factor of q and 30?
15
Let v be 4/(4/5) - 0. Let o be v - (2 - 2/1). Suppose -2*i + 5*b + 60 = 19, o*i - 2*b = 50. What is the greatest common divisor of 72 and i?
8
Let g(k) be the third derivative of -k**6/120 - k**5/30 + k**3/6 + 3*k**2. Let v be g(-3). What is the greatest common divisor of 110 and v?
10
Let y(s) = -s**3 - 26 - 3*s + 26 + 6*s**2. Let p(f) = -f**2 - 10*f + 5. Let r be p(-10). Let n be y(r). What is the greatest common divisor of 4 and n?
2
Let j be 3*4 + (-8 - -9). What is the highest common fa